s digit of x?
3
Let c = 40 + -40. Suppose 4*m + 17 = 3*g, 3*g - 4*m = 2*g + 11. Suppose c = -g*z + 179 - 44. What is the tens digit of z?
4
Let j(m) = m**3 + 5*m**2 - 29*m - 19. Let u be j(-8). Suppose -4*y + 39 = -u. What is the tens digit of y?
1
Suppose -84 = -2*o + b + 107, 2*b = -4*o + 402. What is the tens digit of o?
9
Let r = -58 + 65. Let f(y) = -y**2 + 27*y - 13. What is the hundreds digit of f(r)?
1
Suppose -7*u + 3 = -6*u. Suppose -2*p + 11 = 5*r, -4*r = -0*r - u*p - 18. What is the tens digit of 28/(-42) - (-41)/r?
1
Suppose 2*a - 8 = 0, -a = 3*w - 1 + 252. What is the units digit of (0/(-2))/(-7 - -8) - w?
5
Suppose -3*r - 100 - 26 = -3*f, 4*r = -5*f + 192. Suppose -8*t + 4*t = -f. What is the units digit of ((-5)/t)/(4/(-40))?
5
Let x be 1 + -2 - (-1 + -31). Let f(p) = 106*p**3 + p - 2. Let u be f(1). Suppose u + x = 4*t. What is the units digit of t?
4
Suppose 4*n - 8 = 0, 3*c = 2*n - 3*n + 8. What is the units digit of ((-6)/(-21))/(c/434)?
2
Let u(g) = g - 30. Let d be u(10). Let q(s) = -s**2 - 20*s + 19. What is the units digit of q(d)?
9
Let n be 2 - (2 - (1 - -1)). Let d(k) = -2*k + 2*k**2 - 4 - 2 + 5 + k. What is the units digit of d(n)?
5
Let n(p) = -p**3 + 10*p**2 - 16*p. Let z be n(8). Suppose 2*y - 192 - 62 = z. What is the units digit of y?
7
Suppose -2*a = n - 266, 6*n + a - 547 = 4*n. What is the units digit of n?
6
Suppose -25 + 12 = -f. Let w = -11 + f. Suppose -5*n - 2*g = -65 - 1, 3*n - w*g = 46. What is the units digit of n?
4
Let s = -38 + 54. Let t(v) = v**2 - 20*v + 21. Let m be t(s). Let k = 78 + m. What is the tens digit of k?
3
Let y = 333 - -266. What is the units digit of y?
9
Let n(q) = 2*q**2 - 35*q - 94. What is the tens digit of n(41)?
3
Suppose n - 4*w = 12, -n + 0*n + w = -6. Let f(g) be the second derivative of g**4/12 - g**3/2 - 3*g**2/2 + g. What is the units digit of f(n)?
1
Suppose 3798 = 5*p - l, 0*p + 3039 = 4*p - l. What is the tens digit of p?
5
Suppose 54 = 2*c + 4. Suppose c = -0*x + 5*x. What is the units digit of 172/20 + (-3)/x?
8
Suppose 6*v - 4*v = -5*o + 2441, -5*v + o = -6116. What is the thousands digit of v?
1
Suppose 4*l = -3*l + 434. Suppose 2*p - 16 = 3*j, j + j = 5*p - l. What is the units digit of p?
4
Let s be 1/2*(-4 - -98). Let f = s - 24. What is the units digit of f?
3
Let x(c) = 1 + c**2 + c + 2*c + 4. What is the units digit of x(4)?
3
Let x(m) = 18*m + 12. Let g(d) = 17*d + 11. Let v(p) = -3*g(p) + 4*x(p). What is the units digit of v(5)?
0
Let s = 2 - -25. Suppose 5*x + 5*t - 95 = 0, x + 3*t + 0*t - s = 0. What is the tens digit of x?
1
Let i(s) = -s - 3. Let p be i(-6). Suppose p*j + 0 - 3 = 0. What is the units digit of (9 + j)*63/18?
5
Suppose 2*y - h = 6874, -2*y + 0*y = 4*h - 6884. What is the tens digit of 0 + y/21 + (-4)/(-14)?
6
Suppose -952 = 13*n - 15*n. What is the hundreds digit of n?
4
Suppose 0*f + 13*f - 47853 = 0. What is the thousands digit of f?
3
Let o(c) = -c**3 - 5*c**2 + 2. Let h be o(-5). Suppose 2*j - 100 = -u + 5*j, -3*u + h*j + 335 = 0. What is the tens digit of u?
1
Suppose -n - 480 = -3*u, -2*n - 160 = -u + n. Suppose -4*v + u = 2*o, -3*o - 5*v = -0*v - 242. What is the units digit of o?
4
Let q(p) = -2*p**2 - 9*p - 4. Let v(i) = 3*i + 1. Let m be v(-2). Let n be q(m). Let y(d) = d**2 + 6*d - 4. What is the units digit of y(n)?
3
Let c = 453 + -308. What is the hundreds digit of c?
1
Let o = 58 - 53. Suppose -o*i = -9*i + 448. What is the hundreds digit of i?
1
Suppose -4*i + 1 + 3 = 0. Let g be (10 - -1) + (i - -2). Let n = 31 - g. What is the tens digit of n?
1
Suppose 0 = 3*g + 1041 - 15795. What is the thousands digit of g?
4
Let o = 5553 - 3674. What is the hundreds digit of o?
8
Suppose 43*s - 1174 = 42*s. What is the tens digit of s?
7
Suppose -g + 34 = 3*x, 2*x - 20 = 2*g - 4*g. Let m = 14 - x. Suppose -m*h + 26 = -4. What is the tens digit of h?
1
What is the hundreds digit of ((-14)/(-105))/(10/105)*1945?
7
Suppose -4*l = -16, 4*v + 5*l - 4 - 16 = 0. Let u = -11 + 15. Let s = v + u. What is the units digit of s?
4
What is the hundreds digit of 33089/28 + (-27)/(-12)?
1
Let l = 109 + -59. Suppose -4*x - l = -150. What is the units digit of x?
5
Let d(g) = 97*g**2 - 13*g + 9. What is the tens digit of d(6)?
2
Let k = 4592 + -2641. What is the thousands digit of k?
1
Suppose 0 = -4*v - 0*v + 8. Suppose -1 = -5*x + 4*w - v, 5*w - 32 = -4*x. Suppose -3*s + 9 = x*u, 3*u - 2*u = 3*s + 23. What is the units digit of u?
8
Let q = 6978 - 4973. What is the hundreds digit of q?
0
Let i = 28 + -26. Suppose 3*k - i*p = 44, -2*k + 5 = -5*p - 39. What is the units digit of ((-19)/3)/((-2)/k)?
8
Suppose 6 = -4*z + 7*z. What is the units digit of (9*-5)/(-1) - z?
3
Suppose -42 = 4*p - p. Let s(y) = -y**2 - 9*y + 3. Let q be s(-7). Let w = p + q. What is the units digit of w?
3
Suppose q - 3 - 1 = 0. Let v = q + -1. What is the units digit of v?
3
What is the tens digit of ((-318)/371)/(2/(-3458) - 0)?
8
Let q(x) = 3*x**3 - 2*x**2 + x - 26. What is the tens digit of q(10)?
8
Suppose -p - 2*p + 4791 = 0. What is the thousands digit of p?
1
Suppose 4*r = 2*f - 76, 0 = 3*f + 5*r - 3*r - 98. Suppose 2*w - f = -4*u, -2*w + 11 = -2*u + 43. What is the tens digit of u?
1
Suppose 0 = 5*n - 0*n - 10. Suppose -f + 19 = 5*r - n*f, r - 7 = -3*f. Suppose 24 = x - 5*o - 9, 4*x + r*o - 84 = 0. What is the units digit of x?
3
What is the units digit of (-9)/(-6)*11904/18 - 4?
8
Let d = 42 - 27. Let s = -12 + d. Suppose 4*u - s*u = 21. What is the tens digit of u?
2
Suppose 5*f - 4626 = -g, -2*f + 1886 - 26 = -2*g. What is the units digit of f?
6
Let v = -59 + 56. What is the hundreds digit of 0 + v - (-378)/(-1 - -4)?
1
Let v(r) = 4*r + 69. Suppose 0 = 4*u - 0 - 80. What is the units digit of v(u)?
9
Let r be 6 + 31 - (3 - 0). Suppose -3*y + 4*k + r = -0*y, 5*y = 2*k + 66. What is the tens digit of y?
1
Let n be (-64)/(-12) + (-4)/(-6). Let k be 16/2*n/12. Suppose -4*a = 5*u - 131, -k*a - 6*u + 128 = -2*u. What is the tens digit of a?
2
Suppose 15 = -4*k + 5*k. Let j(n) = 10*n + 5. What is the hundreds digit of j(k)?
1
Suppose d = -3*t + 17 + 69, 3*t + 2*d - 82 = 0. Let s be 4/(-10) - (-72)/t. Suppose 4*i + s*j - 68 = 6*j, 4*i + 5*j = 41. What is the tens digit of i?
1
Let n = 37 - 25. Suppose 0 = -n*q - 541 + 2149. What is the units digit of q?
4
Let y(q) = q**3 + 20*q**2 + q + 26. Let u be y(-20). Suppose -2*r - 172 = -u*r. What is the units digit of r?
3
Let i be (-2)/3 - 220/30. Let z be -1 - i/(3 + -1). Suppose 2*b - 3*u = 57, -u = z*b - 3*u - 78. What is the units digit of b?
4
Let d be -1 + -2 - (-7 + 2). Suppose f + d = 1. What is the units digit of 2 + -4 - (f + -26)?
5
Suppose -2*s = o - 1157, -3*o - 4*s + 2738 = -731. What is the units digit of o?
5
What is the thousands digit of -9 - ((1 - 1) + -8) - -3132?
3
Let h = 22 + 70. Suppose 4*y - 292 = h. What is the units digit of y?
6
Let m be 1/((-2 + 1)/(0 + -5)). Suppose 60 = b - m*i - 5, 2*b = i + 103. What is the tens digit of b?
5
Let a = 12 - 5. Let s(f) = -f + 9. Let v be s(6). Suppose v*q = a*q - 72. What is the units digit of q?
8
Suppose 3*z - 2*h - 11522 = 0, -z + 3848 = -10*h + 13*h. What is the hundreds digit of z?
8
Let t be (0 - (-12)/(-2) - -4) + 34. What is the tens digit of 161 + ((-24)/t)/(2/(-8))?
6
Let m(k) = 4*k**2 + 51. What is the units digit of m(10)?
1
Suppose 2*z + 10 = -0*z, 0 = -5*k - 5*z + 160. What is the tens digit of 8*(k/4 + (1 - 3))?
5
Let u be (-14)/(-49) - 52/(-14). Let f be -2 - u/(0 - -2). What is the units digit of ((-296)/16)/(2/f)?
7
Let s be 0 + ((-8866)/33)/(2/(-3)). Let y = s + -266. What is the hundreds digit of y?
1
Suppose 3*a = -0*r + 3*r + 12, -4*a + 5*r + 16 = 0. Let z(b) = 2*b + 3. Let o be z(0). Suppose w - x = o, 4*w + a*x = -5 + 1. What is the units digit of w?
1
Suppose 0 = 4*v + 508 - 7712. What is the thousands digit of v?
1
Suppose -62592 = -251*u + 227*u. What is the hundreds digit of u?
6
Suppose 0*d - 171 = -d - 2*v, -d + 5*v + 192 = 0. Let p be 9/((-81)/72) - -67. Suppose 0 = -g + 5*t + p, 0 = -3*g + 6*t - t + d. What is the tens digit of g?
5
Let s = 77 + -82. Let y(k) = -3*k + 2. Let h be y(-2). Let c = s + h. What is the units digit of c?
3
Suppose -7*y - 100 = -9. What is the units digit of (-4)/2*(y - 0)/1?
6
What is the tens digi